
Let i be 2 - -1121 - (2 + 1). Suppose 24*b - 32*b + i = 0. List the prime factors of b.
2, 5, 7
Let x(r) = -r**3 + 9*r**2 - 9*r + 9. Let t be x(8). Let p be 3/3 + -166 + t. What are the prime factors of p/(-6) + 1/(-3)?
3
List the prime factors of -11 - -11 - (0 - 5).
5
Let k(b) = -b**2 - 17*b - 34. Let p(d) = d**2 + 18*d + 33. Let v(x) = -3*k(x) - 2*p(x). List the prime factors of v(-15).
2, 3
Suppose 0 = -o + 848 + 269. List the prime factors of o.
1117
Suppose 4*s - 295 = -a, -3*s + 1526 = -16*a + 21*a. What are the prime factors of a?
307
Let t = -52 + 261. What are the prime factors of t?
11, 19
Suppose -2*x = 20 - 80. Suppose -20 = -3*m + 4*a, 5*a - a + 12 = 2*m. Let q = x - m. What are the prime factors of q?
2, 11
Let n = 26 - 21. Suppose n*q + 54 = -q. List the prime factors of 34*(q/2)/(-9).
17
Let r(x) = -14*x - 293. What are the prime factors of r(-47)?
5, 73
Let c(s) = -2*s + 8. Let f be c(4). Suppose f*b - 6*b + 90 = 0. List the prime factors of b.
3, 5
Suppose -2*r + s = -2*s - 2693, -2*s = -4*r + 5398. List the prime factors of r.
7, 193
Suppose t = -20*t + 4725. What are the prime factors of t?
3, 5
Suppose 11*a - 31*a + 15980 = 0. List the prime factors of a.
17, 47
Suppose -5*m + 2*i + 194 = -2*i, -m + 42 = -4*i. Let v(q) = -q**3 - 12*q**2 + q + 17. Let h be v(-12). Suppose u - h = m. List the prime factors of u.
43
What are the prime factors of (9 + -1105)/(0 - 2)?
2, 137
Suppose -5*o - 2*d = -1685, 2*o + 2*d = 3*d + 674. List the prime factors of o.
337
Let x be (9/6 + -1)*8. Suppose -c + 4 = -x. Suppose -r = -18 - c. What are the prime factors of r?
2, 13
Let c(f) be the third derivative of f**2 + 0 + 1/3*f**3 + 1/60*f**5 - 1/8*f**4 + 0*f. List the prime factors of c(4).
2, 3
Suppose 20 = -5*z, -3*z + 4*z + 10 = -u. Let c be (-32)/6 - 8/u. What are the prime factors of 8/c - 0 - -10?
2
Let l(v) = -v - 5. Let j be l(-8). Suppose 15 = -j*b + 8*b. Suppose -3*u + 112 = 2*u - b*h, -4*h - 16 = 0. List the prime factors of u.
2, 5
Let c(a) = 20*a**2 - 6*a + 76. List the prime factors of c(7).
2, 3, 13
Suppose 0 = -5*d + 3*a + 19, a = -5*d + d + 5. Suppose d*n = 214 - 26. List the prime factors of n.
2, 47
Let s = 479 - 421. List the prime factors of s.
2, 29
Let t = -66 - -167. Let j = 190 - t. List the prime factors of j.
89
Suppose 2*c = 4*f - 5918, 4*c + 30 - 10 = 0. List the prime factors of f.
7, 211
Let a(g) = -g**2 - 4*g + 1. Let o be a(-3). Let c(k) = -6*k - 2*k**2 + k**3 + 8 + 0*k**3 - 4. List the prime factors of c(o).
2, 3
Let g = -136 + 341. What are the prime factors of g?
5, 41
Suppose -12*g = g - 7358. What are the prime factors of g?
2, 283
Suppose -3*f + 3*t + 393 = 0, -f + 130 = 5*t + 17. Suppose -2*l - 2*v = -3*v - 263, -l = 3*v - f. List the prime factors of l.
131
Let g = 53 - -879. List the prime factors of g.
2, 233
Let p = 142 - -80. Suppose -22 = -4*m + p. What are the prime factors of m?
61
Let b(m) = 38*m**2 - 35*m + 325. List the prime factors of b(12).
19, 283
Let f = -48 + 54. Let k(g) = 8*g - 2. What are the prime factors of k(f)?
2, 23
Suppose 4*c - 1088 = -2*q, q + 0*q + 2 = 0. Suppose 2*s = 3*w + c, 7*w = 10*w + 15. List the prime factors of s.
3, 43
Suppose 0 = -2*v + 5 - 1. Suppose -78 = -2*a + o, a - o = -v*a + 115. Let k = 39 - a. List the prime factors of k.
2
Let q be 1 + 1 + (0 - 0). Let i be q*((-28)/(-8) - 3). What are the prime factors of 1 + i + (2 - -17)?
3, 7
Suppose 5*z + 190 = 5*x, -5*x = 5*z - 0*x + 170. List the prime factors of (6/(z/170))/((-1)/6).
2, 5, 17
List the prime factors of 125248/309 - 2/6.
3, 5
What are the prime factors of (-108234)/(-84) + 18/(-4)?
2, 3, 107
Let j = 62 - 59. Suppose j*v - 51 - 72 = 0. List the prime factors of v.
41
Let h be (-229 + -1)*4/10. Let s = h + 261. What are the prime factors of s?
13
Let t = 379 - 333. Let l = 12 - 3. Suppose l + t = u. What are the prime factors of u?
5, 11
Let l = 2987 - 1179. List the prime factors of l.
2, 113
Let s be -41 + -3 + 2 + -3. Let h = -15 - s. Suppose -4*n + 20 + h = -2*a, 0 = -3*n - 3*a + 60. What are the prime factors of n?
3, 5
Let w = 31 + -23. Suppose 0*s - w*s + 440 = 0. List the prime factors of s.
5, 11
Suppose -65 - 22 = w. Let a be w/9 - 2/(-3). Let z(s) = -s**2 - 12*s - 9. What are the prime factors of z(a)?
2, 3
Let o(c) = -65*c - 250. What are the prime factors of o(-31)?
5, 353
Suppose 0 = 8*y + 512 - 2040. What are the prime factors of y?
191
Let c = 462 + 305. What are the prime factors of c?
13, 59
Suppose 0 = -40*c + 10*c + 270. What are the prime factors of c?
3
Let t(b) be the first derivative of 15*b**2 - 25*b + 5. List the prime factors of t(6).
5, 31
Let g(x) = -2*x - 1. Let s(t) = 6*t + 19. Let c(m) = -6*g(m) - s(m). Let h be (4*(-1 + 0))/(-1). List the prime factors of c(h).
11
Let z = 15 - 16. Let q(u) be the third derivative of u**5/20 - u**4/24 - u**3/3 + u**2. What are the prime factors of q(z)?
2
Suppose 12 = -3*t, 0 = -4*x - t - 23 - 41. Let j = 15 - x. List the prime factors of j.
2, 3, 5
Suppose -3*x = d - 4*d - 15, -5*x + 34 = 4*d. Let j be (31 - 1)*x/(-9). Let b = 31 - j. What are the prime factors of b?
3, 17
What are the prime factors of 24/12 - (-455 + 0)?
457
Let r be -1 + (-1)/((-1)/2). Let b = 28 - r. Suppose 3*o = 2*o + b. What are the prime factors of o?
3
Let n = 4265 + -2472. What are the prime factors of n?
11, 163
Suppose -2*n + 7*n = -3*u - 595, -n = 3*u + 611. Let a = u + 315. List the prime factors of a.
2, 5, 11
Suppose -3*t - 207 = -b - 0*t, 398 = 2*b - 2*t. Let x = b - 118. List the prime factors of x.
7, 11
Suppose 3*j - 315 + 1386 = 4*i, 3*j = -3*i + 777. What are the prime factors of i?
2, 3, 11
Let o = -5 - 11. Let j = 17 - o. What are the prime factors of j?
3, 11
Suppose -2*c + 0*c + 18 = 0. List the prime factors of 24/(-4 + (c - 3)).
2, 3
Suppose -5*n + 2197 = 79*x - 78*x, 5*x - 10925 = -5*n. List the prime factors of x.
2, 1091
Let w(a) = a**3 + 6*a**2 - 12*a - 2. Let u(t) = -t + 1. Let r(z) = -4*u(z) + w(z). What are the prime factors of r(-5)?
59
Suppose 4*o - 3854 = 1118. Suppose -d + o = 10*d. What are the prime factors of d?
113
Suppose 5*f + 3 + 17 = 0, 5*k = -4*f + 1844. List the prime factors of k.
2, 3, 31
Let x(g) be the third derivative of -1/15*g**5 - 1/120*g**6 + 0*g**4 + 0 - 6*g**2 - 7/6*g**3 + 0*g. List the prime factors of x(-5).
2, 3
Let o be ((-2)/6)/((-5)/15)*-30. List the prime factors of (-2 + -1)/(o/140).
2, 7
Let n(g) = 7*g**2 - 2*g + 8. Suppose 4*j = -2*x + 30, -j - 4*x = 2 - 27. What are the prime factors of n(j)?
173
Let t(h) = h**3 - 3*h**2 - 9*h + 13. Let a be t(4). Let c = a + 59. What are the prime factors of c?
2, 13
Let i(m) be the second derivative of 9*m**4/4 - m**2 - 19*m. List the prime factors of i(-2).
2, 53
Let j(r) = r**3 + 12*r**2 - r - 12. Suppose -13 + 55 = -7*o. What are the prime factors of j(o)?
2, 3, 5, 7
Let a = 4131 + -2534. What are the prime factors of a?
1597
Let w(g) = 86*g + 179. List the prime factors of w(9).
953
Suppose -10*s - 5*f = -7*s - 855, -4*f = s - 285. What are the prime factors of s?
3, 5, 19
Suppose 9*o - 118 - 44 = 0. What are the prime factors of (19 - 0)*(-12 + o)?
2, 3, 19
Let s(p) = 3*p + 5. Let f(i) = 6*i + 9. Let j(w) = 2*f(w) - 5*s(w). List the prime factors of j(-19).
2, 5
Let v(p) = -2*p**3 + 117*p**2 - 194*p - 37. List the prime factors of v(56).
3, 59
Let h(v) = -37*v - 1213. List the prime factors of h(-38).
193
Suppose -5*z = -3*u - 0 - 16, u = -3*z + 18. Let n(t) = 2*t**2 - 7*t - 28. Let d be n(6). Suppose 0 = -u*x + d*x + 60. List the prime factors of x.
2, 3, 5
Suppose 2*x - 5*y - 348 = -y, -5*x + 815 = y. Suppose -2*f + 3*d = -76, -4*f + 4*d + x = d. List the prime factors of f.
2, 11
Suppose -9*r + 1265 = -4*r. Suppose 4*k - k - 259 = s, 0 = -3*k - 5*s + r. What are the prime factors of k?
2, 43
Let r(y) = 11*y + 5. Let l be r(7). Suppose -x - 4*h = -3*h - l, -431 = -5*x + 2*h. What are the prime factors of x?
5, 17
Let v = -245 + 451. Suppose -340 - v = -3*p. What are the prime factors of p?
2, 7, 13
Let d(f) = -23*f - 11. Let w be d(-5). Suppose -u - 4*u = 2*n - w, -u + 172 = 4*n. Suppose 0*o - n = -o. List the prime factors of o.
2, 3, 7
Let r = 361 - 223. What are the prime factors of r?
2, 3, 23
What are the prime factors of (-3 - 8) + 2478 - 4?
3,